{"id":1221,"date":"2026-02-08T18:53:48","date_gmt":"2026-02-08T17:53:48","guid":{"rendered":"https:\/\/www.waldwunderbern.ch\/?page_id=1221"},"modified":"2026-02-09T19:49:47","modified_gmt":"2026-02-09T18:49:47","slug":"pflanzenwunder","status":"publish","type":"page","link":"https:\/\/www.waldwunderbern.ch\/?page_id=1221","title":{"rendered":"Pflanzenwunder"},"content":{"rendered":"\n<h2 class=\"wp-block-heading\">heimische Pflanzenwelt entdecken &#8211; kochen mit Wildkr\u00e4utern &#8211; Kr\u00e4utersalbe herstellen &#8211; Pflanzengeschichten lauschen &#8211; malen und basteln mit Pflanzen<\/h2>\n\n\n\n<p class=\"has-black-color has-text-color has-link-color wp-elements-848adfa04ab8d6beb5431a7f2b7c208c\" style=\"font-size:24px\">Entdecke mit uns die Pflanzenwelt vor unserer Haust\u00fcre. Willst du mehr \u00fcber die heimischen Pflanzen lernen und wissen welche Pflanzen wir essen k\u00f6nnen oder sogar Heilkr\u00e4fte besitzen? Dann melde dich f\u00fcr das Fr\u00fchlingsferienangebot Pflanzenwunder an.<\/p>\n\n\n\n<div class=\"wp-block-columns is-layout-flex wp-container-core-columns-is-layout-9d6595d7 wp-block-columns-is-layout-flex\">\n<div class=\"wp-block-column is-layout-flow wp-block-column-is-layout-flow\" style=\"flex-basis:66.66%\">\n<div class=\"wp-block-group is-nowrap is-layout-flex wp-container-core-group-is-layout-ad2f72ca wp-block-group-is-layout-flex\">\n<p class=\"has-black-color has-text-color has-link-color wp-elements-d5fbd10999f309de81182cfb66232b8a\" style=\"font-size:24px\"><strong>Was dich erwartet<\/strong><br>Pflanzenwunder ist ein zweit\u00e4giges Freizeitangebot w\u00e4hrend den Fr\u00fchlingsferien f\u00fcr Kinder zwischen 8 und 12 Jahren. Zusammen entdecken wir die Pflanzenwelt im Wald und auf der Wiese. Du lernst wie du aus dem Pflanzensaft Farbe herstellen kannst, zauberst leckeres Essen aus den frisch gepfl\u00fcckten Pflanzen und stellst deine eigene Kr\u00e4utersalbe her.<br>Pflanzenwunder findet w\u00e4hrend der ersten Fr\u00fchlingsferienwoche am Donnerstag und Freitag jeweils von 09:00 &#8211; 17:00 statt.<\/p>\n<\/div>\n\n\n\n<p><\/p>\n\n\n\n<p class=\"has-black-color has-text-color has-link-color wp-elements-4000c9202b31e0c3091b8e57fd1ebe02\" style=\"font-size:24px\"><strong>Daten 2026<\/strong><br>09.04. &amp; 10.04.2026<br>jeweils 09:00 &#8211; 17:00 (ohne \u00dcbernachtung)<\/p>\n<\/div>\n\n\n\n<div class=\"wp-block-column is-layout-flow wp-block-column-is-layout-flow\" style=\"flex-basis:33.33%\">\n<figure class=\"wp-block-image size-large is-resized\"><img loading=\"lazy\" width=\"768\" height=\"1024\" src=\"https:\/\/www.waldwunderbern.ch\/wp-content\/uploads\/2026\/02\/20240710_11432011-2-768x1024.jpg\" alt=\"\" class=\"wp-image-1246\" style=\"width:320px\" srcset=\"https:\/\/www.waldwunderbern.ch\/wp-content\/uploads\/2026\/02\/20240710_11432011-2-768x1024.jpg 768w, https:\/\/www.waldwunderbern.ch\/wp-content\/uploads\/2026\/02\/20240710_11432011-2-225x300.jpg 225w, https:\/\/www.waldwunderbern.ch\/wp-content\/uploads\/2026\/02\/20240710_11432011-2-1152x1536.jpg 1152w, https:\/\/www.waldwunderbern.ch\/wp-content\/uploads\/2026\/02\/20240710_11432011-2-2048x2731.jpg 2048w, https:\/\/www.waldwunderbern.ch\/wp-content\/uploads\/2026\/02\/20240710_11432011-2-1890x2520.jpg 1890w, https:\/\/www.waldwunderbern.ch\/wp-content\/uploads\/2026\/02\/20240710_11432011-2-400x533.jpg 400w, https:\/\/www.waldwunderbern.ch\/wp-content\/uploads\/2026\/02\/20240710_11432011-2-800x1067.jpg 800w, https:\/\/www.waldwunderbern.ch\/wp-content\/uploads\/2026\/02\/20240710_11432011-2-scaled.jpg 1920w\" sizes=\"auto, (max-width: 768px) 100vw, 768px\" \/><\/figure>\n<\/div>\n<\/div>\n\n\n\n<div class=\"wp-block-columns is-layout-flex wp-container-core-columns-is-layout-9d6595d7 wp-block-columns-is-layout-flex\">\n<div class=\"wp-block-column is-layout-flow wp-block-column-is-layout-flow\" style=\"flex-basis:33.33%\">\n<figure class=\"wp-block-image size-large\"><img loading=\"lazy\" width=\"1024\" height=\"768\" src=\"https:\/\/www.waldwunderbern.ch\/wp-content\/uploads\/2026\/02\/IMG_20250405_1539321-1024x768.jpg\" alt=\"\" class=\"wp-image-1224\" srcset=\"https:\/\/www.waldwunderbern.ch\/wp-content\/uploads\/2026\/02\/IMG_20250405_1539321-1024x768.jpg 1024w, https:\/\/www.waldwunderbern.ch\/wp-content\/uploads\/2026\/02\/IMG_20250405_1539321-300x225.jpg 300w, https:\/\/www.waldwunderbern.ch\/wp-content\/uploads\/2026\/02\/IMG_20250405_1539321-768x576.jpg 768w, https:\/\/www.waldwunderbern.ch\/wp-content\/uploads\/2026\/02\/IMG_20250405_1539321-1536x1152.jpg 1536w, https:\/\/www.waldwunderbern.ch\/wp-content\/uploads\/2026\/02\/IMG_20250405_1539321-2048x1536.jpg 2048w, https:\/\/www.waldwunderbern.ch\/wp-content\/uploads\/2026\/02\/IMG_20250405_1539321-1890x1418.jpg 1890w, https:\/\/www.waldwunderbern.ch\/wp-content\/uploads\/2026\/02\/IMG_20250405_1539321-440x330.jpg 440w, https:\/\/www.waldwunderbern.ch\/wp-content\/uploads\/2026\/02\/IMG_20250405_1539321-730x547.jpg 730w, https:\/\/www.waldwunderbern.ch\/wp-content\/uploads\/2026\/02\/IMG_20250405_1539321-400x300.jpg 400w, https:\/\/www.waldwunderbern.ch\/wp-content\/uploads\/2026\/02\/IMG_20250405_1539321-800x600.jpg 800w\" sizes=\"auto, (max-width: 1024px) 100vw, 1024px\" \/><\/figure>\n<\/div>\n\n\n\n<div class=\"wp-block-column is-layout-flow wp-block-column-is-layout-flow\" style=\"flex-basis:66.66%\">\n<p class=\"has-black-color has-text-color has-link-color wp-elements-a7239f17c2fd327e0f5ac9f80f2cd4c1\" style=\"font-size:24px\"><strong>Ort<\/strong><br>In der N\u00e4he von Kehrsatz b. Bern, der genaue Durchf\u00fchrungsort wird nach der Anmeldung mitgeteilt.<br><br><strong>Preis<\/strong><br>Richtpreis: 40.- <br>Solipreis: 50.-<br><br>Es handelt sich hierbei um einen Richtpreis.<br>Es wird mit einer Anmeldung f\u00fcr alle zwei Tage ausgegangen.<\/p>\n<\/div>\n<\/div>\n\n\n\n<h2 class=\"wp-block-heading\" style=\"font-size:28px\">Anmeldung<\/h2>\n\n\n\n<p class=\"has-black-color has-text-color has-link-color wp-elements-807df893bd7f6405646761ca711434a7\" style=\"font-size:24px\">Bitte melde dich direkt \u00fcber das Kontaktformular oder \u00fcber waldwunderbern@gmail.com an. <br>Pflanzenwunder findet ab 5 Anmeldungen statt und besteht aus max. 16 Teilnehmer*innen.<\/p>\n\n\n<div class=\"wpforms-container wpforms-container-full wpforms-render-modern\" id=\"wpforms-1104\"><form id=\"wpforms-form-1104\" class=\"wpforms-validate wpforms-form wpforms-ajax-form\" data-formid=\"1104\" method=\"post\" enctype=\"multipart\/form-data\" action=\"\/index.php?rest_route=%2Fwp%2Fv2%2Fpages%2F1221\" data-token=\"5afab847a2f7ab320270f309f84c8c11\" data-token-time=\"1778502558\"><noscript class=\"wpforms-error-noscript\">Bitte aktivieren Sie JavaScript in Ihrem Browser, um dieses Formular fertigzustellen.<\/noscript><div class=\"wpforms-hidden\" id=\"wpforms-error-noscript\">Bitte aktivieren Sie JavaScript in Ihrem Browser, um dieses Formular fertigzustellen.<\/div><div class=\"wpforms-field-container\"><div id=\"wpforms-1104-field_1-container\" class=\"wpforms-field wpforms-field-name\" data-field-id=\"1\"><fieldset><legend class=\"wpforms-field-label\">Name <span class=\"wpforms-required-label\" aria-hidden=\"true\">*<\/span><\/legend><div class=\"wpforms-field-row wpforms-field-medium\"><div class=\"wpforms-field-row-block wpforms-first wpforms-one-half\"><input type=\"text\" id=\"wpforms-1104-field_1\" class=\"wpforms-field-name-first wpforms-field-required\" name=\"wpforms[fields][1][first]\" aria-errormessage=\"wpforms-1104-field_1-error\" required><label for=\"wpforms-1104-field_1\" class=\"wpforms-field-sublabel after\">Vorname<\/label><\/div><div class=\"wpforms-field-row-block wpforms-one-half\"><input type=\"text\" id=\"wpforms-1104-field_1-last\" class=\"wpforms-field-name-last wpforms-field-required\" name=\"wpforms[fields][1][last]\" aria-errormessage=\"wpforms-1104-field_1-last-error\" required><label for=\"wpforms-1104-field_1-last\" class=\"wpforms-field-sublabel after\">Nachname<\/label><\/div><\/div><\/fieldset><\/div><div id=\"wpforms-1104-field_2-container\" class=\"wpforms-field wpforms-field-email\" data-field-id=\"2\"><label class=\"wpforms-field-label\" for=\"wpforms-1104-field_2\">E-Mail <span class=\"wpforms-required-label\" aria-hidden=\"true\">*<\/span><\/label><input type=\"email\" id=\"wpforms-1104-field_2\" class=\"wpforms-field-medium wpforms-field-required\" name=\"wpforms[fields][2]\" spellcheck=\"false\" aria-errormessage=\"wpforms-1104-field_2-error\" required><\/div><div id=\"wpforms-1104-field_3-container\" class=\"wpforms-field wpforms-field-textarea\" data-field-id=\"3\"><label class=\"wpforms-field-label\" for=\"wpforms-1104-field_3\">Nachricht<\/label><textarea id=\"wpforms-1104-field_3\" class=\"wpforms-field-medium\" name=\"wpforms[fields][3]\" aria-errormessage=\"wpforms-1104-field_3-error\" ><\/textarea><\/div><\/div><!-- .wpforms-field-container --><div class=\"wpforms-submit-container\" ><input type=\"hidden\" name=\"wpforms[id]\" value=\"1104\"><input type=\"hidden\" name=\"page_title\" value=\"\"><input type=\"hidden\" name=\"page_url\" value=\"https:\/\/www.waldwunderbern.ch\/index.php?rest_route=\/wp\/v2\/pages\/1221\"><input type=\"hidden\" name=\"url_referer\" value=\"\"><button type=\"submit\" name=\"wpforms[submit]\" id=\"wpforms-submit-1104\" class=\"wpforms-submit\" data-alt-text=\"Senden\u2026\" data-submit-text=\"Absenden\" aria-live=\"assertive\" value=\"wpforms-submit\">Absenden<\/button><img loading=\"lazy\" src=\"https:\/\/www.waldwunderbern.ch\/wp-content\/plugins\/wpforms-lite\/assets\/images\/submit-spin.svg\" class=\"wpforms-submit-spinner\" style=\"display: none;\" width=\"26\" height=\"26\" alt=\"Wird geladen\"><\/div><\/form><\/div>  <!-- .wpforms-container -->\n\n\n\n<figure class=\"wp-block-gallery has-nested-images columns-default is-cropped wp-block-gallery-1 is-layout-flex wp-block-gallery-is-layout-flex\">\n<figure class=\"wp-block-image size-large\"><img loading=\"lazy\" width=\"724\" height=\"1024\" data-id=\"1304\" src=\"https:\/\/www.waldwunderbern.ch\/wp-content\/uploads\/2026\/02\/Pflanzenwunder-1-724x1024.jpg\" alt=\"\" class=\"wp-image-1304\" srcset=\"https:\/\/www.waldwunderbern.ch\/wp-content\/uploads\/2026\/02\/Pflanzenwunder-1-724x1024.jpg 724w, https:\/\/www.waldwunderbern.ch\/wp-content\/uploads\/2026\/02\/Pflanzenwunder-1-212x300.jpg 212w, https:\/\/www.waldwunderbern.ch\/wp-content\/uploads\/2026\/02\/Pflanzenwunder-1-768x1086.jpg 768w, https:\/\/www.waldwunderbern.ch\/wp-content\/uploads\/2026\/02\/Pflanzenwunder-1-1086x1536.jpg 1086w, https:\/\/www.waldwunderbern.ch\/wp-content\/uploads\/2026\/02\/Pflanzenwunder-1-400x566.jpg 400w, https:\/\/www.waldwunderbern.ch\/wp-content\/uploads\/2026\/02\/Pflanzenwunder-1-800x1132.jpg 800w, https:\/\/www.waldwunderbern.ch\/wp-content\/uploads\/2026\/02\/Pflanzenwunder-1.jpg 1414w\" sizes=\"auto, (max-width: 724px) 100vw, 724px\" \/><\/figure>\n\n\n\n<figure class=\"wp-block-image size-large\"><img loading=\"lazy\" width=\"724\" height=\"1024\" data-id=\"1305\" src=\"https:\/\/www.waldwunderbern.ch\/wp-content\/uploads\/2026\/02\/Pflanzenwunder2-724x1024.jpg\" alt=\"\" class=\"wp-image-1305\" srcset=\"https:\/\/www.waldwunderbern.ch\/wp-content\/uploads\/2026\/02\/Pflanzenwunder2-724x1024.jpg 724w, https:\/\/www.waldwunderbern.ch\/wp-content\/uploads\/2026\/02\/Pflanzenwunder2-212x300.jpg 212w, https:\/\/www.waldwunderbern.ch\/wp-content\/uploads\/2026\/02\/Pflanzenwunder2-768x1086.jpg 768w, https:\/\/www.waldwunderbern.ch\/wp-content\/uploads\/2026\/02\/Pflanzenwunder2-1086x1536.jpg 1086w, https:\/\/www.waldwunderbern.ch\/wp-content\/uploads\/2026\/02\/Pflanzenwunder2-400x566.jpg 400w, https:\/\/www.waldwunderbern.ch\/wp-content\/uploads\/2026\/02\/Pflanzenwunder2-800x1132.jpg 800w, https:\/\/www.waldwunderbern.ch\/wp-content\/uploads\/2026\/02\/Pflanzenwunder2.jpg 1414w\" sizes=\"auto, (max-width: 724px) 100vw, 724px\" \/><\/figure>\n<\/figure>\n\n\n\n<div class=\"wp-block-file\"><a href=\"https:\/\/www.waldwunderbern.ch\/wp-content\/uploads\/2026\/02\/Pflanzenwunder-2.pdf\" class=\"wp-block-file__button wp-element-button\" download>Flyer Herunterladen<\/a><\/div>\n\n\n\n<p><\/p>\n\n\n\n<p class=\"has-black-color has-text-color has-link-color wp-elements-759ae77d2d77c79812c17f1782f077d2\" style=\"font-size:24px\">Entdecke weitere Angebote von Waldwunder:<br><br><a href=\"https:\/\/www.waldwunderbern.ch\/?page_id=1019\" data-type=\"page\" data-id=\"1019\">Auf den Spuren der Tiere<\/a><br><a href=\"https:\/\/www.waldwunderbern.ch\/?page_id=84\" data-type=\"page\" data-id=\"84\">M\u00e4dchengruppe Achillea<\/a><br><a href=\"https:\/\/www.waldwunderbern.ch\/?page_id=85\" data-type=\"page\" data-id=\"85\">Naturentdeckungstage<\/a><\/p>\n","protected":false},"excerpt":{"rendered":"<p>heimische Pflanzenwelt entdecken &#8211; kochen mit Wildkr\u00e4utern &#8211; Kr\u00e4utersalbe herstellen &#8211; Pflanzengeschichten lauschen &#8211; malen und basteln mit Pflanzen Entdecke &hellip; <a href=\"https:\/\/www.waldwunderbern.ch\/?page_id=1221\" class=\"more-link\"><span class=\"more-button\">Continue Reading<span class=\"screen-reader-text\">Pflanzenwunder<\/span><\/span><\/a><\/p>\n","protected":false},"author":1,"featured_media":1223,"parent":0,"menu_order":0,"comment_status":"closed","ping_status":"closed","template":"","meta":{"footnotes":""},"class_list":["post-1221","page","type-page","status-publish","has-post-thumbnail","hentry"],"_links":{"self":[{"href":"https:\/\/www.waldwunderbern.ch\/index.php?rest_route=\/wp\/v2\/pages\/1221","targetHints":{"allow":["GET"]}}],"collection":[{"href":"https:\/\/www.waldwunderbern.ch\/index.php?rest_route=\/wp\/v2\/pages"}],"about":[{"href":"https:\/\/www.waldwunderbern.ch\/index.php?rest_route=\/wp\/v2\/types\/page"}],"author":[{"embeddable":true,"href":"https:\/\/www.waldwunderbern.ch\/index.php?rest_route=\/wp\/v2\/users\/1"}],"replies":[{"embeddable":true,"href":"https:\/\/www.waldwunderbern.ch\/index.php?rest_route=%2Fwp%2Fv2%2Fcomments&post=1221"}],"version-history":[{"count":68,"href":"https:\/\/www.waldwunderbern.ch\/index.php?rest_route=\/wp\/v2\/pages\/1221\/revisions"}],"predecessor-version":[{"id":1330,"href":"https:\/\/www.waldwunderbern.ch\/index.php?rest_route=\/wp\/v2\/pages\/1221\/revisions\/1330"}],"wp:featuredmedia":[{"embeddable":true,"href":"https:\/\/www.waldwunderbern.ch\/index.php?rest_route=\/wp\/v2\/media\/1223"}],"wp:attachment":[{"href":"https:\/\/www.waldwunderbern.ch\/index.php?rest_route=%2Fwp%2Fv2%2Fmedia&parent=1221"}],"curies":[{"name":"wp","href":"https:\/\/api.w.org\/{rel}","templated":true}]}}